{"id":415,"date":"2022-02-09T21:39:14","date_gmt":"2022-02-09T21:39:14","guid":{"rendered":"https:\/\/rse.is\/?page_id=415"},"modified":"2022-04-12T13:26:47","modified_gmt":"2022-04-12T13:26:47","slug":"frjals-framlog","status":"publish","type":"page","link":"https:\/\/rse.is\/index.php\/um-rse\/frjals-framlog\/","title":{"rendered":"Frj\u00e1ls framl\u00f6g"},"content":{"rendered":"\n<p>RSE, Ranns\u00f3knarmi\u00f0st\u00f6\u00f0 um samf\u00e9lags- og efnahagsm\u00e1l fj\u00e1rmagnar starfsemi s\u00edna af frj\u00e1lsum framl\u00f6gum.<br>RSE \u00feiggur ekki fj\u00e1rframl\u00f6g fr\u00e1 r\u00edki e\u00f0a sveitarf\u00e9l\u00f6gum, heldur er rekin fyrir frj\u00e1ls framl\u00f6g einstaklinga og fyrirt\u00e6kja.<\/p>\n\n\n\n<p>RSE hefur kt. 690904-2090. Bankauppl\u00fdsingar: 0513-26-002175.<\/p>\n","protected":false},"excerpt":{"rendered":"<p>RSE, Ranns\u00f3knarmi\u00f0st\u00f6\u00f0 um samf\u00e9lags- og efnahagsm\u00e1l fj\u00e1rmagnar starfsemi s\u00edna af frj\u00e1lsum framl\u00f6gum.RSE \u00feiggur ekki fj\u00e1rframl\u00f6g fr\u00e1 r\u00edki e\u00f0a sveitarf\u00e9l\u00f6gum, heldur er rekin fyrir frj\u00e1ls framl\u00f6g einstaklinga og fyrirt\u00e6kja. RSE hefur kt. 690904-2090. Bankauppl\u00fdsingar: 0513-26-002175.<\/p>\n","protected":false},"author":1,"featured_media":0,"parent":2,"menu_order":0,"comment_status":"closed","ping_status":"closed","template":"","meta":{"om_disable_all_campaigns":false,"_monsterinsights_skip_tracking":false,"_monsterinsights_sitenote_active":false,"_monsterinsights_sitenote_note":"","_monsterinsights_sitenote_category":0,"_uf_show_specific_survey":0,"_uf_disable_surveys":false,"footnotes":""},"class_list":["post-415","page","type-page","status-publish","hentry"],"blocksy_meta":{"styles_descriptor":{"styles":{"desktop":"","tablet":"","mobile":""},"google_fonts":[],"version":6}},"aioseo_notices":[],"brizy_media":[],"_links":{"self":[{"href":"https:\/\/rse.is\/index.php\/wp-json\/wp\/v2\/pages\/415","targetHints":{"allow":["GET"]}}],"collection":[{"href":"https:\/\/rse.is\/index.php\/wp-json\/wp\/v2\/pages"}],"about":[{"href":"https:\/\/rse.is\/index.php\/wp-json\/wp\/v2\/types\/page"}],"author":[{"embeddable":true,"href":"https:\/\/rse.is\/index.php\/wp-json\/wp\/v2\/users\/1"}],"replies":[{"embeddable":true,"href":"https:\/\/rse.is\/index.php\/wp-json\/wp\/v2\/comments?post=415"}],"version-history":[{"count":3,"href":"https:\/\/rse.is\/index.php\/wp-json\/wp\/v2\/pages\/415\/revisions"}],"predecessor-version":[{"id":937,"href":"https:\/\/rse.is\/index.php\/wp-json\/wp\/v2\/pages\/415\/revisions\/937"}],"up":[{"embeddable":true,"href":"https:\/\/rse.is\/index.php\/wp-json\/wp\/v2\/pages\/2"}],"wp:attachment":[{"href":"https:\/\/rse.is\/index.php\/wp-json\/wp\/v2\/media?parent=415"}],"curies":[{"name":"wp","href":"https:\/\/api.w.org\/{rel}","templated":true}]}}